{"id":6,"date":"2026-02-06T11:49:38","date_gmt":"2026-02-06T11:49:38","guid":{"rendered":"https:\/\/thurtech.ch\/?page_id=6"},"modified":"2026-03-17T20:26:29","modified_gmt":"2026-03-17T20:26:29","slug":"startseit","status":"publish","type":"page","link":"https:\/\/thurtech.ch\/","title":{"rendered":"Sanit\u00e4r &amp; Heizung in      Felben-Wellhausen"},"content":{"rendered":"\n<div class=\"wp-block-cover alignfull is-light\"><img loading=\"lazy\" decoding=\"async\" width=\"1200\" height=\"630\" class=\"wp-block-cover__image-background wp-image-41 size-full\" alt=\"\" src=\"https:\/\/thurtech.ch\/wp-content\/uploads\/2026\/02\/Wasser-2.webp\" data-object-fit=\"cover\" srcset=\"https:\/\/thurtech.ch\/wp-content\/uploads\/2026\/02\/Wasser-2.webp 1200w, https:\/\/thurtech.ch\/wp-content\/uploads\/2026\/02\/Wasser-2-300x158.webp 300w, https:\/\/thurtech.ch\/wp-content\/uploads\/2026\/02\/Wasser-2-1024x538.webp 1024w, https:\/\/thurtech.ch\/wp-content\/uploads\/2026\/02\/Wasser-2-768x403.webp 768w\" sizes=\"auto, (max-width: 1200px) 100vw, 1200px\" \/><span aria-hidden=\"true\" class=\"wp-block-cover__background has-background-dim\" style=\"background-color:#8eb0cb\"><\/span><div class=\"wp-block-cover__inner-container is-layout-flow wp-block-cover-is-layout-flow\">\n<div class=\"wp-block-group alignfull has-global-padding is-layout-constrained wp-container-core-group-is-layout-0c9c989a wp-block-group-is-layout-constrained\" style=\"min-height:0vh;margin-top:0;margin-bottom:0;padding-top:var(--wp--preset--spacing--70);padding-right:var(--wp--preset--spacing--40);padding-bottom:var(--wp--preset--spacing--70);padding-left:var(--wp--preset--spacing--40)\">\n<div class=\"wp-block-group has-global-padding is-layout-constrained wp-container-core-group-is-layout-346627ba wp-block-group-is-layout-constrained\">\n<h2 class=\"wp-block-heading has-text-align-center has-xx-large-font-size\" style=\"margin-right:0;margin-left:0;padding-top:0;padding-right:0;padding-bottom:0;padding-left:0\"><strong>Thurtech Geb\u00e4udetechnik GmbH<\/strong><\/h2>\n\n\n\n<p class=\"has-text-align-center\"><strong>Sanit\u00e4r &#8211; Heizung &#8211; Service &#8211; Unterhalt<\/strong><\/p>\n\n\n\n<div class=\"wp-block-buttons is-content-justification-center is-layout-flex wp-container-core-buttons-is-layout-a89b3969 wp-block-buttons-is-layout-flex\">\n<div class=\"wp-block-button is-style-fill\"><a class=\"wp-block-button__link wp-element-button\" href=\"tel:+41527652722\" rel=\"tel:+41527652722\">tel: +41 52 765 27 22<\/a><\/div>\n\n\n\n<div class=\"wp-block-button\"><a class=\"wp-block-button__link wp-element-button\" href=\"mailto:info@thurtech.ch\" rel=\"E-Mail:info@thurtech.ch\">E-Mail: info@thurtech.ch<\/a><\/div>\n<\/div>\n<\/div>\n<\/div>\n<\/div><\/div>\n\n\n\n<div class=\"wp-block-group alignfull is-style-section-1 has-global-padding is-content-justification-center is-layout-constrained wp-block-group-is-layout-constrained is-style-section-1--1\" style=\"margin-top:0;margin-bottom:0;padding-top:var(--wp--preset--spacing--80);padding-bottom:var(--wp--preset--spacing--80)\">\n<div class=\"wp-block-columns alignwide is-layout-flex wp-container-core-columns-is-layout-66fad18a wp-block-columns-is-layout-flex\">\n<div class=\"wp-block-column is-layout-flow wp-block-column-is-layout-flow\" style=\"padding-right:var(--wp--preset--spacing--50);flex-basis:45%\">\n<figure class=\"wp-block-image size-large is-resized\"><img loading=\"lazy\" decoding=\"async\" width=\"1024\" height=\"573\" src=\"https:\/\/thurtech.ch\/wp-content\/uploads\/2026\/02\/image0-1-1024x573.jpeg\" alt=\"\" class=\"wp-image-9\" style=\"aspect-ratio:1.7871129792905476;width:563px;height:auto\" srcset=\"https:\/\/thurtech.ch\/wp-content\/uploads\/2026\/02\/image0-1-1024x573.jpeg 1024w, https:\/\/thurtech.ch\/wp-content\/uploads\/2026\/02\/image0-1-300x168.jpeg 300w, https:\/\/thurtech.ch\/wp-content\/uploads\/2026\/02\/image0-1-768x430.jpeg 768w, https:\/\/thurtech.ch\/wp-content\/uploads\/2026\/02\/image0-1.jpeg 1320w\" sizes=\"auto, (max-width: 1024px) 100vw, 1024px\" \/><\/figure>\n\n\n\n<div class=\"wp-block-group has-global-padding is-layout-constrained wp-block-group-is-layout-constrained\" style=\"margin-top:-12vw\"><\/div>\n<\/div>\n\n\n\n<div class=\"wp-block-column is-vertically-aligned-center is-layout-flow wp-block-column-is-layout-flow\" style=\"padding-right:0;padding-left:0;flex-basis:50%\">\n<p class=\"is-style-text-subtitle is-style-text-subtitle--2\">\u00dcber uns<\/p>\n\n\n\n<p class=\"is-style-text-subtitle is-style-text-subtitle--3\">Die Thurtech Geb\u00e4udetechnik GmbH ist Ihr zuverl\u00e4ssiger Partner f\u00fcr Sanit\u00e4r und Heizung in Felben-Wellhausen und der Region Thurgau. Wir bieten professionelle Sanit\u00e4r- und Heizungsinstallationen, Umbauten sowie Service- und Reparaturarbeiten. Ob Badezimmer, Wasserleitungen oder Heizungsanlagen \u2013 wir stehen f\u00fcr Qualit\u00e4t, saubere Arbeit und zuverl\u00e4ssigen Service.<br><\/p>\n<\/div>\n<\/div>\n<\/div>\n\n\n\n<div class=\"wp-block-group alignfull has-global-padding is-layout-constrained wp-container-core-group-is-layout-ebee8dc1 wp-block-group-is-layout-constrained\" style=\"margin-top:0;margin-bottom:0;padding-top:var(--wp--preset--spacing--50);padding-bottom:var(--wp--preset--spacing--50)\">\n<h2 class=\"wp-block-heading alignwide\">Unsere Dienstleistungen<\/h2>\n\n\n\n<div class=\"wp-block-columns alignwide is-layout-flex wp-container-core-columns-is-layout-28f84493 wp-block-columns-is-layout-flex\">\n<div class=\"wp-block-column is-layout-flow wp-block-column-is-layout-flow\">\n<figure class=\"wp-block-image size-full\" style=\"margin-bottom:24px\"><img loading=\"lazy\" decoding=\"async\" width=\"612\" height=\"612\" src=\"https:\/\/thurtech.ch\/wp-content\/uploads\/2026\/02\/image0-2.jpeg\" alt=\"\" class=\"wp-image-11\" style=\"aspect-ratio:4\/3;object-fit:cover\" srcset=\"https:\/\/thurtech.ch\/wp-content\/uploads\/2026\/02\/image0-2.jpeg 612w, https:\/\/thurtech.ch\/wp-content\/uploads\/2026\/02\/image0-2-300x300.jpeg 300w, https:\/\/thurtech.ch\/wp-content\/uploads\/2026\/02\/image0-2-150x150.jpeg 150w\" sizes=\"auto, (max-width: 612px) 100vw, 612px\" \/><\/figure>\n\n\n\n<h3 class=\"wp-block-heading\">Sanit\u00e4r<\/h3>\n\n\n\n<p class=\"has-medium-font-size\">Sanit\u00e4rinstallationen f\u00fcr Neu- und Umbauten, Badezimmer Renovationen, Wasserleitungen sowie Reparaturen und Servicearbeiten.<\/p>\n\n\n\n<p class=\"has-medium-font-size\"><\/p>\n<\/div>\n\n\n\n<div class=\"wp-block-column is-layout-flow wp-block-column-is-layout-flow\">\n<figure class=\"wp-block-image size-full\" style=\"margin-bottom:24px\"><img loading=\"lazy\" decoding=\"async\" width=\"1024\" height=\"683\" src=\"https:\/\/thurtech.ch\/wp-content\/uploads\/2026\/02\/Heizung.jpg\" alt=\"\" class=\"wp-image-17\" style=\"aspect-ratio:4\/3;object-fit:cover\" srcset=\"https:\/\/thurtech.ch\/wp-content\/uploads\/2026\/02\/Heizung.jpg 1024w, https:\/\/thurtech.ch\/wp-content\/uploads\/2026\/02\/Heizung-300x200.jpg 300w, https:\/\/thurtech.ch\/wp-content\/uploads\/2026\/02\/Heizung-768x512.jpg 768w\" sizes=\"auto, (max-width: 1024px) 100vw, 1024px\" \/><\/figure>\n\n\n\n<h3 class=\"wp-block-heading\">Heizung<\/h3>\n\n\n\n<p class=\"has-medium-font-size\">Installation moderner Heizungsanlagen, W\u00e4rmepumpen, Boiler und Heizsysteme f\u00fcr Einfamilienh\u00e4user und Gewerbe.<br><\/p>\n<\/div>\n\n\n\n<div class=\"wp-block-column is-layout-flow wp-block-column-is-layout-flow\">\n<div class=\"wp-block-columns is-style-section-1 is-layout-flex wp-container-core-columns-is-layout-28f84493 wp-block-columns-is-layout-flex is-style-section-1--4\">\n<div class=\"wp-block-column is-layout-flow wp-block-column-is-layout-flow\" style=\"flex-basis:100%\">\n<figure class=\"wp-block-gallery has-nested-images columns-default is-cropped wp-block-gallery-5 is-layout-flex wp-block-gallery-is-layout-flex\">\n<figure class=\"wp-block-image size-large is-style-default\"><img loading=\"lazy\" decoding=\"async\" width=\"1024\" height=\"683\" data-id=\"59\" src=\"https:\/\/thurtech.ch\/wp-content\/uploads\/2026\/03\/920DC8B0-448C-4065-BB13-F6719D14DB75-1024x683.png\" alt=\"\" class=\"wp-image-59\"\/><\/figure>\n<\/figure>\n<\/div>\n<\/div>\n\n\n\n<h3 class=\"wp-block-heading\"><br>Service<\/h3>\n\n\n\n<p class=\"has-medium-font-size\">Schneller und zuverl\u00e4ssiger Service f\u00fcr Privat- und Gesch\u00e4ftskunden \u2013 Wartung, Reparaturen und Unterhalt von Sanit\u00e4r- und Heizungsanlagen.<br><\/p>\n<\/div>\n<\/div>\n<\/div>\n\n\n\n<div class=\"wp-block-group alignfull has-global-padding is-layout-constrained wp-block-group-is-layout-constrained\" style=\"margin-top:0;margin-bottom:0;padding-top:var(--wp--preset--spacing--60);padding-bottom:var(--wp--preset--spacing--60)\">\n<div class=\"wp-block-columns alignwide is-layout-flex wp-container-core-columns-is-layout-74b2cda3 wp-block-columns-is-layout-flex\">\n<div class=\"wp-block-column is-layout-flow wp-block-column-is-layout-flow\">\n<div class=\"wp-block-columns is-layout-flex wp-container-core-columns-is-layout-28f84493 wp-block-columns-is-layout-flex\">\n<div class=\"wp-block-column is-layout-flow wp-block-column-is-layout-flow\" style=\"flex-basis:100%\">\n<div class=\"wp-block-group is-vertical is-content-justification-left is-layout-flex wp-container-core-group-is-layout-7ce391b6 wp-block-group-is-layout-flex\" style=\"min-height:100%\">\n<h2 class=\"wp-block-heading is-style-text-annotation has-x-small-font-size is-style-text-annotation--6\">Kontakt<\/h2>\n\n\n\n<figure class=\"wp-block-pullquote is-style-plain has-x-large-font-size\" style=\"font-style:normal;font-weight:400\"><blockquote><p>\ud83d\udccd Adresse<br>Lerchensangstrasse 13<br>8552 Felben-Wellhausen<br>\ud83d\udcde Telefon<br>+41 52 765 27 22<br>\ud83d\udce7 E-Mail<br>info@thurtech.ch<br> Sanit\u00e4r \u00b7 Heizung \u00b7 Service \u00b7 Reparaturen<\/p><\/blockquote><\/figure>\n<\/div>\n<\/div>\n<\/div>\n<\/div>\n\n\n\n<div class=\"wp-block-column is-layout-flow wp-block-column-is-layout-flow\" style=\"padding-top:0;padding-right:0;padding-bottom:0;padding-left:0\">\n<figure class=\"wp-block-image size-full\"><img loading=\"lazy\" decoding=\"async\" width=\"634\" height=\"589\" src=\"https:\/\/thurtech.ch\/wp-content\/uploads\/2026\/02\/Logo-Thurtech-1.png\" alt=\"\" class=\"wp-image-13\" style=\"aspect-ratio:1;object-fit:cover\" srcset=\"https:\/\/thurtech.ch\/wp-content\/uploads\/2026\/02\/Logo-Thurtech-1.png 634w, https:\/\/thurtech.ch\/wp-content\/uploads\/2026\/02\/Logo-Thurtech-1-300x279.png 300w\" sizes=\"auto, (max-width: 634px) 100vw, 634px\" \/><\/figure>\n<\/div>\n<\/div>\n<\/div>\n\n\n\n<p><\/p>\n\n\n\n<p><\/p>\n","protected":false},"excerpt":{"rendered":"<p>\u00dcber uns Die Thurtech Geb\u00e4udetechnik GmbH ist Ihr zuverl\u00e4ssiger Partner f\u00fcr Sanit\u00e4r und Heizung in Felben-Wellhausen und der Region Thurgau. Wir bieten professionelle Sanit\u00e4r- und Heizungsinstallationen, Umbauten sowie Service- und Reparaturarbeiten. Ob Badezimmer, Wasserleitungen oder Heizungsanlagen \u2013 wir stehen f\u00fcr Qualit\u00e4t, saubere Arbeit und zuverl\u00e4ssigen Service. Unsere Dienstleistungen Sanit\u00e4r Sanit\u00e4rinstallationen f\u00fcr Neu- und Umbauten, Badezimmer [&hellip;]<\/p>\n","protected":false},"author":1,"featured_media":0,"parent":0,"menu_order":0,"comment_status":"closed","ping_status":"closed","template":"","meta":{"footnotes":""},"class_list":["post-6","page","type-page","status-publish","hentry"],"_links":{"self":[{"href":"https:\/\/thurtech.ch\/index.php?rest_route=\/wp\/v2\/pages\/6","targetHints":{"allow":["GET"]}}],"collection":[{"href":"https:\/\/thurtech.ch\/index.php?rest_route=\/wp\/v2\/pages"}],"about":[{"href":"https:\/\/thurtech.ch\/index.php?rest_route=\/wp\/v2\/types\/page"}],"author":[{"embeddable":true,"href":"https:\/\/thurtech.ch\/index.php?rest_route=\/wp\/v2\/users\/1"}],"replies":[{"embeddable":true,"href":"https:\/\/thurtech.ch\/index.php?rest_route=%2Fwp%2Fv2%2Fcomments&post=6"}],"version-history":[{"count":38,"href":"https:\/\/thurtech.ch\/index.php?rest_route=\/wp\/v2\/pages\/6\/revisions"}],"predecessor-version":[{"id":70,"href":"https:\/\/thurtech.ch\/index.php?rest_route=\/wp\/v2\/pages\/6\/revisions\/70"}],"wp:attachment":[{"href":"https:\/\/thurtech.ch\/index.php?rest_route=%2Fwp%2Fv2%2Fmedia&parent=6"}],"curies":[{"name":"wp","href":"https:\/\/api.w.org\/{rel}","templated":true}]}}